{"id":2562,"date":"2021-07-06T10:52:27","date_gmt":"2021-07-06T16:52:27","guid":{"rendered":"http:\/\/tregh.com\/?page_id=2562"},"modified":"2021-07-06T11:56:51","modified_gmt":"2021-07-06T17:56:51","slug":"solicita-factura","status":"publish","type":"page","link":"http:\/\/tregh.com\/index.php\/solicita-factura\/","title":{"rendered":"Solicita tu factura"},"content":{"rendered":"<div role=\"form\" class=\"wpcf7\" id=\"wpcf7-f2561-o1\" lang=\"es-ES\" dir=\"ltr\">\n<div class=\"screen-reader-response\"><p role=\"status\" aria-live=\"polite\" aria-atomic=\"true\"><\/p> <ul><\/ul><\/div>\n<form action=\"\/index.php\/wp-json\/wp\/v2\/pages\/2562#wpcf7-f2561-o1\" method=\"post\" class=\"wpcf7-form init\" novalidate=\"novalidate\" data-status=\"init\">\n<div style=\"display: none;\">\n<input type=\"hidden\" name=\"_wpcf7\" value=\"2561\" \/>\n<input type=\"hidden\" name=\"_wpcf7_version\" value=\"5.4.2\" \/>\n<input type=\"hidden\" name=\"_wpcf7_locale\" value=\"es_ES\" \/>\n<input type=\"hidden\" name=\"_wpcf7_unit_tag\" value=\"wpcf7-f2561-o1\" \/>\n<input type=\"hidden\" name=\"_wpcf7_container_post\" value=\"0\" \/>\n<input type=\"hidden\" name=\"_wpcf7_posted_data_hash\" value=\"\" \/>\n<\/div>\n<p>Captura los datos de la elaboraci\u00f3n de la factura, todos los campos son obligatorios.<\/p>\n<p><label> Tu nombre:<br \/>\n    <span class=\"wpcf7-form-control-wrap your-name\"><input type=\"text\" name=\"your-name\" value=\"\" size=\"40\" class=\"wpcf7-form-control wpcf7-text wpcf7-validates-as-required\" aria-required=\"true\" aria-invalid=\"false\" \/><\/span> <\/label><\/p>\n<p><label> Tu correo electr\u00f3nico:<br \/>\n    <span class=\"wpcf7-form-control-wrap your-email\"><input type=\"email\" name=\"your-email\" value=\"\" size=\"40\" class=\"wpcf7-form-control wpcf7-text wpcf7-email wpcf7-validates-as-required wpcf7-validates-as-email\" aria-required=\"true\" aria-invalid=\"false\" \/><\/span> <\/label><\/p>\n<p><label> RFC:<br \/>\n    <span class=\"wpcf7-form-control-wrap your-RFC\"><input type=\"text\" name=\"your-RFC\" value=\"\" size=\"40\" class=\"wpcf7-form-control wpcf7-text wpcf7-validates-as-required\" aria-required=\"true\" aria-invalid=\"false\" \/><\/span> <\/label><\/p>\n<p><label> Raz\u00f3n Social o nombre de la empresa:  ejemplo \"Empresa S.A. de C.V.\"<br \/>\n    <span class=\"wpcf7-form-control-wrap your-RAZON\"><input type=\"text\" name=\"your-RAZON\" value=\"\" size=\"40\" class=\"wpcf7-form-control wpcf7-text wpcf7-validates-as-required\" aria-required=\"true\" aria-invalid=\"false\" \/><\/span> <\/label><\/p>\n<p><label> R\u00e9gimen: ejemplo \"R\u00e9gimen General de Personas Morales\"<br \/>\n    <span class=\"wpcf7-form-control-wrap your-REGIMEN\"><input type=\"text\" name=\"your-REGIMEN\" value=\"\" size=\"40\" class=\"wpcf7-form-control wpcf7-text wpcf7-validates-as-required\" aria-required=\"true\" aria-invalid=\"false\" \/><\/span> <\/label><\/p>\n<p><label> C\u00f3digo Postal:<br \/>\n    <span class=\"wpcf7-form-control-wrap your-CP\"><input type=\"text\" name=\"your-CP\" value=\"\" size=\"40\" class=\"wpcf7-form-control wpcf7-text wpcf7-validates-as-required\" aria-required=\"true\" aria-invalid=\"false\" \/><\/span> <\/label><\/p>\n<p><label> Concepto:  ejemplo \"1 servicio de capacitaci\u00f3n ...\"<br \/>\n    <span class=\"wpcf7-form-control-wrap your-CONCEPTO\"><input type=\"text\" name=\"your-CONCEPTO\" value=\"\" size=\"40\" class=\"wpcf7-form-control wpcf7-text wpcf7-validates-as-required\" aria-required=\"true\" aria-invalid=\"false\" \/><\/span> <\/label><\/p>\n<p><label> Monto Neto: \"incluyendo IVA\"<br \/>\n    <span class=\"wpcf7-form-control-wrap your-MONTO\"><input type=\"text\" name=\"your-MONTO\" value=\"\" size=\"40\" class=\"wpcf7-form-control wpcf7-text wpcf7-validates-as-required\" aria-required=\"true\" aria-invalid=\"false\" \/><\/span> <\/label><\/p>\n<p><label> M\u00e9todo de pago:<br \/>\n    <span class=\"wpcf7-form-control-wrap MENU-PAGO\"><select name=\"MENU-PAGO\" class=\"wpcf7-form-control wpcf7-select wpcf7-validates-as-required\" aria-required=\"true\" aria-invalid=\"false\"><option value=\"Transferencia Bancaria\">Transferencia Bancaria<\/option><option value=\"Cheque\">Cheque<\/option><option value=\"Efectivo\">Efectivo<\/option><\/select><\/span> <\/label><\/p>\n<p><label> Uso de la factura:<br \/>\n    <span class=\"wpcf7-form-control-wrap MENU-USO\"><select name=\"MENU-USO\" class=\"wpcf7-form-control wpcf7-select wpcf7-validates-as-required\" aria-required=\"true\" aria-invalid=\"false\"><option value=\"Gastos en general\">Gastos en general<\/option><option value=\"Devoluciones, descuentos o bonificaciones\">Devoluciones, descuentos o bonificaciones<\/option><option value=\"Adquisici\u00f3n de mercancias\">Adquisici\u00f3n de mercancias<\/option><option value=\"Construcciones\">Construcciones<\/option><option value=\"Mobiliario y equipo de oficina por inversiones\">Mobiliario y equipo de oficina por inversiones<\/option><option value=\"Equipo de transporte\">Equipo de transporte<\/option><option value=\"Equipo de c\u00f3mputo y accesorios\">Equipo de c\u00f3mputo y accesorios<\/option><option value=\"Comunicaciones telef\u00f3nicas\">Comunicaciones telef\u00f3nicas<\/option><option value=\"Comunicaciones satelitales\">Comunicaciones satelitales<\/option><option value=\"Otra maquinaria y equipo\">Otra maquinaria y equipo<\/option><option value=\"Por definir\">Por definir<\/option><\/select><\/span> <\/label><\/p>\n<p><label> Alg\u00fan mensaje: (opcional)<br \/>\n    <span class=\"wpcf7-form-control-wrap your-message\"><textarea name=\"your-message\" cols=\"40\" rows=\"10\" class=\"wpcf7-form-control wpcf7-textarea\" aria-invalid=\"false\"><\/textarea><\/span> <\/label><br \/>\n<span class=\"wpcf7-form-control-wrap acceptance-46\"><span class=\"wpcf7-form-control wpcf7-acceptance\"><span class=\"wpcf7-list-item\"><label><input type=\"checkbox\" name=\"acceptance-46\" value=\"1\" aria-invalid=\"false\" \/><span class=\"wpcf7-list-item-label\">He revisado y validado los datos ingresados y son correctos, por lo que cualquier error en ellos es bajo mi responsabilidad y se ajustar\u00e1n a las pol\u00edticas de cambios, re-facturaci\u00f3n y\/o cancelaci\u00f3n que TREGH S.C. disponga.<\/span><\/label><\/span><\/span><\/span><\/p>\n<p><input type=\"submit\" value=\"Enviar\" class=\"wpcf7-form-control wpcf7-submit\" \/><\/p>\n<p style=\"display: none !important;\" class=\"akismet-fields-container\" data-prefix=\"_wpcf7_ak_\"><label>&#916;<textarea name=\"_wpcf7_ak_hp_textarea\" cols=\"45\" rows=\"8\" maxlength=\"100\"><\/textarea><\/label><input type=\"hidden\" id=\"ak_js_1\" name=\"_wpcf7_ak_js\" value=\"140\"\/><script>document.getElementById( \"ak_js_1\" ).setAttribute( \"value\", ( new Date() ).getTime() );<\/script><\/p><div class=\"wpcf7-response-output\" aria-hidden=\"true\"><\/div><\/form><\/div>\n<p>Consulta aqu\u00ed nuestro <a href=\"http:\/\/tregh.com\/index.php\/contacto\/aviso-de-privacidad\/\" target=\"_blank\" rel=\"noopener\">AVISO DE PRIVACIDAD<\/a><\/p>\n","protected":false},"excerpt":{"rendered":"<p>Consulta aqu\u00ed nuestro AVISO DE PRIVACIDAD<\/p>\n","protected":false},"author":1,"featured_media":0,"parent":0,"menu_order":10,"comment_status":"closed","ping_status":"closed","template":"","meta":[],"_links":{"self":[{"href":"http:\/\/tregh.com\/index.php\/wp-json\/wp\/v2\/pages\/2562"}],"collection":[{"href":"http:\/\/tregh.com\/index.php\/wp-json\/wp\/v2\/pages"}],"about":[{"href":"http:\/\/tregh.com\/index.php\/wp-json\/wp\/v2\/types\/page"}],"author":[{"embeddable":true,"href":"http:\/\/tregh.com\/index.php\/wp-json\/wp\/v2\/users\/1"}],"replies":[{"embeddable":true,"href":"http:\/\/tregh.com\/index.php\/wp-json\/wp\/v2\/comments?post=2562"}],"version-history":[{"count":3,"href":"http:\/\/tregh.com\/index.php\/wp-json\/wp\/v2\/pages\/2562\/revisions"}],"predecessor-version":[{"id":2578,"href":"http:\/\/tregh.com\/index.php\/wp-json\/wp\/v2\/pages\/2562\/revisions\/2578"}],"wp:attachment":[{"href":"http:\/\/tregh.com\/index.php\/wp-json\/wp\/v2\/media?parent=2562"}],"curies":[{"name":"wp","href":"https:\/\/api.w.org\/{rel}","templated":true}]}}